).
5, 11
Let b(i) = -11*i**2 - 4*i + 4. Let r be b(3). Let k = -64 - r. What are the prime factors of k?
43
Suppose -3*g - 24 = g. Let k(o) = -18*o - 2. Let q be k(g). Suppose 8*u - 2*m - q = 4*u, -4*m = -4*u + 116. List the prime factors of u.
2, 3
Let m be 3 + 0/3 + 1. Suppose 0 = 4*q + m*i - 0*i - 64, -4*q - 5*i + 68 = 0. Suppose 3*r - q = -0. What are the prime factors of r?
2
Suppose 0 = 5*o + k - 209, 5*o - 4*k - 114 = 100. Suppose 4*b - o - 2 = -4*q, -5*b = 4*q - 49. Suppose -q*m + 7*m - 2 = 0. List the prime factors of m.
2
Suppose -3*x - 11*x + 33440 = 4*f, 0 = 4*x - 4*f - 9580. What are the prime factors of x?
2, 5, 239
Suppose -3*j - 2*j = -4*x + 15, -5*j + 25 = 4*x. Suppose -c = -5*q + 151, -2*q + x*q = -3*c + 87. Let i = q + 11. What are the prime factors of i?
41
Suppose 0 = -5*b - 29 + 1599. Let p = 450 - b. Let y = 204 - p. List the prime factors of y.
2, 17
Suppose -22*z + 35823 = -411. List the prime factors of z.
3, 61
Let p be (18/3)/((-4)/((-592)/6)). Suppose -4*v + p = -536. List the prime factors of v.
3, 19
Let y(b) = -3*b**3 - 2*b**2 + 2*b + 1. Let n be (-4)/2 + 1 - 2. Let z be y(n). Let u = 81 - z. List the prime factors of u.
23
Let v = 2 - -87. List the prime factors of v.
89
Suppose 0 = -u - u + 424. List the prime factors of u.
2, 53
Let c(n) = 9*n**3 - 2*n**2 + 1. Let u be (-2)/2*5/(-5). What are the prime factors of c(u)?
2
Let y = 295 + -288. Let a(r) = r**3 + 2*r**2 - 4*r - 4. Let u be a(-3). Let f = u + y. What are the prime factors of f?
2, 3
Suppose 2*j = 5*u + 195, -2*j = 4*u - 0*j + 174. Let l = -19 - u. What are the prime factors of l?
2, 11
Let k(j) = 5*j + 1. Let m(i) = -i**3 - i**2 + 8. Let b be m(0). Let x be k(b). Let v = x - 16. What are the prime factors of v?
5
Let s(x) = -109*x**2 - x - 8. Let v(f) = 55*f**2 + 3. Let u(l) = 2*s(l) + 5*v(l). Let b = -1 + 0. List the prime factors of u(b).
2, 29
Suppose -5*c + 11 = 4*p - 7*p, -2*c + 2 = -2*p. Suppose o - 9 = n + n, -p = n. Suppose 2*z + 50 = -o*r + 4*r, 118 = 3*r + 2*z. What are the prime factors of r?
2, 3, 7
Let p be (0 - -3)*5/3. Let g = -111 - -170. Suppose p*w - 2*r = 56, -3*r = -4*w - w + g. What are the prime factors of w?
2, 5
Let f(j) = -146*j**3 - 8*j**2 + 3*j + 10. List the prime factors of f(-2).
2, 3, 5, 19
Suppose -8*o - 50 = 6. Let z(b) = -2*b**2 - 11*b + 31. List the prime factors of z(o).
2, 5
Let v be (16/(-5))/((-8)/40). Suppose -2*s = -0 + v. Let k = -2 - s. List the prime factors of k.
2, 3
Let x(d) = 9*d**2 - 8*d + 13. What are the prime factors of x(-4)?
3, 7
Let l(g) = 65*g - 243. List the prime factors of l(32).
11, 167
Let l(h) = -364*h**3 + h**2 - 2*h + 7. Let m(i) = -182*i**3 - i + 3. Let s(p) = -2*l(p) + 5*m(p). List the prime factors of s(-1).
2, 7, 13
Let j(s) = -2*s**3 - 109*s**2 - 73*s - 22. List the prime factors of j(-54).
2, 251
Suppose 4*r = -15*c + 12*c + 4478, 2*c = 4*r + 2992. List the prime factors of c.
2, 3, 83
Suppose z + 2*z + 5*y = 1112, -3*y = -2*z + 735. Let k = -234 + z. Suppose -h = n - 0*n - 47, 0 = 3*h + 5*n - k. What are the prime factors of h?
2, 5
Let d(i) = 15*i + 1. Suppose 0 = -4*n + 3*n + 1. What are the prime factors of d(n)?
2
Let n(x) = 3*x**2 + 4*x - 9. What are the prime factors of n(11)?
2, 199
Suppose 4 = 4*h - n - 9, 0 = 5*h - 2*n - 14. Suppose -660 = -h*k + 4*d, -4*k - 189 = -2*d - 847. What are the prime factors of k?
2, 41
Let s = -38 - -64. Suppose 64 + s = 6*f. What are the prime factors of f?
3, 5
Suppose -2*h - 2*h + 16 = 0. Suppose h*q = -4*r - r + 294, 0 = -q - 4. List the prime factors of r.
2, 31
Suppose 2*q - 4*p = 518, 17*q - 20*q + 4*p = -771. List the prime factors of q.
11, 23
Suppose 8*y - 4*y = -352. Let j = 138 + y. Let q = 88 - j. List the prime factors of q.
2, 19
Let o be (20 + -14)/(6/4). Suppose -3*d - d + 104 = o*w, w = -4*d + 101. What are the prime factors of d?
5
Let d = 1840 - 1175. What are the prime factors of d?
5, 7, 19
Let x(d) = d**2 + 11*d + 17. Let a be x(-9). Suppose -3*t - 9 = 0, 0 = 3*f + 4*t - 3*t - 9. List the prime factors of 24/(a*f/(-8)).
2, 3
Let u(k) = 62*k**2 + 15*k - 38. Let j be u(6). Suppose -19*l = -j - 1535. What are the prime factors of l?
3, 67
Let x(o) = o**2 + 16*o - 10. List the prime factors of x(11).
7, 41
Let i = 60 + -55. Suppose -7*a + 405 = 3*l - 5*a, -i*l = 2*a - 675. What are the prime factors of l?
3, 5
Suppose -5*i + 82 = 52. Suppose s - 3 = 0, 4*s - i*s = 4*d - 414. What are the prime factors of d?
2, 3, 17
What are the prime factors of 10*(582/12 + -5)?
3, 5, 29
Let x(y) = -y**3 + 5*y**2 - 5*y - 3. Let a be x(3). Suppose 9*f = -a*f + 1782. What are the prime factors of f?
2, 3, 11
Suppose 4*p + 3*v - 2105 = 0, 0*p + 4*v = p - 512. List the prime factors of p.
2, 131
Let t = 22 + -47. Let y be -5*(840/t - -4). Suppose 5*w - y = w. What are the prime factors of w?
37
Let j be (-1168)/6*(0 - (-12)/(-8)). Let m = 457 - j. What are the prime factors of m?
3, 5, 11
Let a(m) = 15*m**2 - 1. Let n be a(1). Let k = -26 + n. What are the prime factors of (-316)/k + (-2)/(-3)?
3
Let m(n) = -3*n - 22. Suppose 0 = -5*a - p - 62, 0 = 5*p + 6 + 4. Let o be m(a). Let u = -4 + o. What are the prime factors of u?
2, 5
Let z = 2755 + -1889. List the prime factors of z.
2, 433
Let i be 1 - 1 - (-9 - (-3 - 0)). List the prime factors of ((-3)/6)/(i/(-3456)).
2, 3
Suppose -9*f = -3*v - 10*f + 3891, f = 0. What are the prime factors of v?
1297
Let w(b) = -b**2 + b + 1. Let a be w(7). What are the prime factors of 1/1 + (5 - (a - -6))?
41
Let j(w) = -16*w**3 + w**2 + w - 2. Let z be j(-2). Suppose 0 = -0*p - 4*p + z. List the prime factors of p.
2
Let x = -32 - -32. Suppose v - 54 + x = 0. List the prime factors of v.
2, 3
Suppose -2*z - 2*z = -4*x + 2028, -523 = -x + 5*z. List the prime factors of x.
503
Suppose 42*s - 25196 - 31378 = 0. What are the prime factors of s?
3, 449
Suppose -2*k + 3*m = -0*k + 12, 2*k - 2*m = -8. Suppose k = -4*r + 9*r - 380. What are the prime factors of r?
2, 19
Let i = -42 + 45. Suppose i*y = -y + 368. What are the prime factors of y?
2, 23
Let a(d) = 16*d + 7. Let q be 4 + 2 - (-3 - -4). What are the prime factors of a(q)?
3, 29
Let a = 5314 + -3794. What are the prime factors of a?
2, 5, 19
Let r(u) = 11*u**2 + 19*u + 415. List the prime factors of r(-22).
17, 313
Let o(l) = 5*l + 5. Let k(w) = 14*w + 14. Let j(q) = 6*k(q) - 17*o(q). Let x be j(7). What are the prime factors of 30*(1 + x/12)?
2, 5
Let c be (1 + 0)*(-15 + 1). Let w = 87 + c. What are the prime factors of w?
73
Let j(p) = -4*p**3 + p**2 - 14*p + 4. What are the prime factors of j(-5)?
599
Let u = -4677 + 9619. What are the prime factors of u?
2, 7, 353
Suppose 3*k + 4 = 5*m + 39, -2*k = 4*m + 6. Suppose k*r = -0*r - w + 1328, -3*r = 2*w - 794. List the prime factors of r.
2, 7, 19
Let y = -488 - -632. What are the prime factors of y?
2, 3
Let n(j) = -83*j + 4. Let b be n(6). Let z = -328 - b. List the prime factors of z.
2, 83
Let r(x) = 8*x - 2 - 3*x - 1. Let a be r(-9). Let z = a + 73. List the prime factors of z.
5
Suppose -49 = 8*q + 359. Let t = 57 + q. What are the prime factors of t?
2, 3
Let l(t) = 2*t**2 - 3*t - 4. Suppose 3*m - m - 3*d = 27, 4 = 4*d. Suppose 5*p = 8*p - m. What are the prime factors of l(p)?
31
Let a = -1774 + 2647. List the prime factors of a.
3, 97
Let w(i) = 19*i - 11. Let c(d) = -19*d + 10. Let u(m) = 4*c(m) + 3*w(m). What are the prime factors of u(-3)?
2
Suppose -367 = 2*t - 375. Let q(o) = 17*o**2 + 2*o - 3. Let b be q(3). Suppose -t*m - b = -8*m. List the prime factors of m.
3, 13
Let l = 2007 + 1071. What are the prime factors of l?
2, 3, 19
Suppose 7 = 3*g + 16. Let m(w) = -9*w - 16. Let n(a) = a + 2. Let u(v) = m(v) + 6*n(v). What are the prime factors of u(g)?
5
Suppose -5*l - 202 = 4*n - 5*n, 20 = -5*l. Suppose -n - 143 = -5*z. List the prime factors of z.
5, 13
Let x(d) be the second derivative of d**4/12 - d**3/3 - 5*d**2/2 + 3*d + 4. Suppose m + 2*y = 3, -m + 3*y - 29 = -6*m. What are the prime factors of x(m)?
2, 3, 5
Let u be 0 + (-5)/(-3)*3. Suppose u*q + 136 = 2*l - 145, 0 = -3*l - 2*q + 431. List the prime factors of l.
11, 13
Suppose 0 = 2*y - 3*y - 34. Suppose -12*d = -9*d + 162. Let w = y - d. What are the prime factors of w?
2, 5
What are the prime factors of (-2 - -3)/((-1)/(-695))?